pose -5*v - 5*o + 130 = -0*o, -4*o + 8 = p. What is the highest common divisor of 12 and v?
12
Let y(s) = s**2 - 2*s - 4. Let i be y(-2). Suppose 168 = 10*g - 7*g + 3*w, i*w + 76 = g. Let d = 22 - 7. Calculate the highest common factor of d and g.
15
Suppose -14*s + 16*s - u = 88, 2*u + 131 = 3*s. Calculate the highest common factor of s and 110.
5
Let h be (-8)/(-4) - (0 + -1). Suppose -k = -0*k + 3*v - 24, 5*k - h*v - 66 = 0. Suppose -2*t + k = 3*t. Calculate the highest common factor of 24 and t.
3
Let q(i) = -3*i**2 + 14*i - 5. Let h be q(4). Let u be 11 + (-1 - 9/h). What is the highest common factor of 35 and u?
7
Let t = 1353 - 1233. Calculate the greatest common factor of t and 30.
30
Suppose 0 = q + 3*q - 200. Suppose o = -o. Let w be (1 - -9) + (o - 0). Calculate the highest common divisor of q and w.
10
Suppose -5*v = -j - 255, 6*v + 3*j - 51 = 5*v. Calculate the greatest common factor of v and 51.
51
Suppose -4*v - 55 - 157 = -w, 5*v = 15. Calculate the greatest common divisor of 14 and w.
14
Let z(k) = -6*k - 161. Let w be z(-32). What is the greatest common divisor of w and 1209?
31
Suppose 10*o - 1776 = 624. What is the highest common divisor of o and 15?
15
Suppose 4*f - 3*f = 24. Let z = 103 - 95. What is the greatest common divisor of z and f?
8
Let w be (-20)/6*(-36)/(-20). Let q(m) = -m**2 - 7*m - 1. Let y be q(w). What is the greatest common factor of y and 25?
5
Let k be 8*(-1 + 2) + 5. Suppose 86 - 281 = -k*c. What is the highest common divisor of c and 30?
15
Let u be (-36)/(-4)*(-440)/(-180). Suppose -3*g - 204 = -3*t, 70 - 350 = -4*t - 4*g. Let x be 1 - t/(-3) - 2. What is the highest common factor of x and u?
22
Let z(q) = 6 - 4*q + 4*q**2 - 2*q**2 + 2 - q**2. Suppose -3*n - 25 = -8*n. Let h be z(n). What is the highest common factor of h and 104?
13
Let t(w) = 3*w - 18. Let g be t(7). Suppose -41 = -g*r - 11. Suppose 9*i = r*i - 42. What is the greatest common divisor of 84 and i?
42
Let i be (-23)/(-184) - (-3758)/16. Suppose i = 5*j - 4*f, -3*f = 4*j - 0*f - 219. Calculate the greatest common divisor of j and 34.
17
Let d be 276/18*(-198)/(-12) + -1. Calculate the highest common factor of d and 144.
36
Let w(x) = -11*x + 82. Let j be w(7). Calculate the greatest common divisor of j and 80.
5
Suppose 0 = 3*h - 9 - 15. Let k be (-4)/(-13)*(107 - 81). Calculate the greatest common divisor of k and h.
8
Let o = -17 + 18. Let z be -3 + (o - 1 - -8). Suppose 3*u - 7 = -b, b = -2*b + 5*u + 35. What is the greatest common factor of b and z?
5
Let d = -3 - -15. What is the highest common divisor of 6 and d?
6
Let l(v) = -2*v + 35. Let h be l(0). Calculate the highest common divisor of h and 105.
35
Let a be (-2535)/(-26)*(-8)/10. Let d = a + 162. What is the greatest common divisor of 24 and d?
12
Let w = -66 + 48. Let o = -11 - w. Calculate the highest common divisor of 63 and o.
7
Let l be 1*((-3)/4 - 2842/(-56)). Calculate the highest common divisor of l and 175.
25
Let o(d) = 3*d**2 - 3*d - 24. Let a be o(4). Calculate the greatest common divisor of a and 84.
12
Let u = 359 - 219. What is the highest common divisor of 28 and u?
28
Suppose 157 - 137 = 5*v. What is the greatest common divisor of 9 and v?
1
Suppose -24 = -5*u - 14. Suppose -4*i - 315 = -u*r - 77, i = r - 119. What is the highest common divisor of r and 17?
17
Let l(y) = -28*y - 502. Let a be l(-19). What is the greatest common divisor of a and 42?
6
Let x(z) be the third derivative of -z**4/24 + 7*z**3/2 + 3*z**2. Let o be x(-12). Calculate the greatest common divisor of 66 and o.
33
Suppose -190 = -3*y + 5*r, -3*y + 3*r + 58 + 122 = 0. Calculate the highest common divisor of 22 and y.
11
Let w be ((-1222)/8)/(2 - (-36)/(-16)). Let x = w + -371. What is the greatest common factor of x and 96?
48
Suppose -88 = -7*b - 46. Suppose 0 = -2*u + u + 66. What is the highest common divisor of b and u?
6
Let z(y) be the first derivative of -y**3/3 - y**2/2 + 120*y - 2. Let g be z(0). Suppose 3*m - 18 = 54. What is the greatest common divisor of g and m?
24
Let v(q) = -q**2 + 8*q - 8. Let u be v(8). Let p(y) = y + 13. Let h be p(u). Let o be (-26)/(-143) - (-106)/22. What is the highest common factor of o and h?
5
Let v(f) = -f - 1. Let x(q) = 4*q + 10. Let s(j) = -36*v(j) - 4*x(j). Let a be s(3). Let z = -10 + 17. What is the greatest common divisor of a and z?
7
Let o(h) = -35*h**3 - h. Let p be o(-1). Let j be ((-8)/(-4))/((-1)/(-4)). Let m be -30*(-2 - j/(-5)). What is the greatest common factor of p and m?
12
Let g(j) = j**3 + 18*j**2 + 44*j - 8. Let f be g(-15). Calculate the greatest common factor of 371 and f.
7
Let w(g) = g**3 - 4*g**2 - 2*g + 5. Let m be w(5). Let y = -22 + 23. Let i be 4 - ((-133 - 4) + y). What is the highest common divisor of m and i?
20
Let h be ((-1)/(2/(-4)))/1. Suppose 6*f + 75 = 99. What is the highest common factor of h and f?
2
Suppose -7*u + 155 = -13. Suppose 2*a - 5*a = -3*t - 135, -3*a + 132 = -4*t. Calculate the highest common divisor of a and u.
24
Let b be (-89 + 1 - (-5)/(-5))*-1. What is the highest common divisor of 4539 and b?
89
Let w = -12 - -16. Suppose -6 = 2*b, l - w*b = 2*l + 11. What is the highest common divisor of 3 and l?
1
Let k = -50 - -77. Suppose 0*i = 5*x - 2*i - 190, 4*i + 20 = 0. What is the highest common factor of k and x?
9
Let j = -547 - -602. What is the greatest common factor of 110 and j?
55
Let o = -13 + 14. Let b be 10*(o/2 + 2). Let q = b - 18. Calculate the greatest common divisor of 56 and q.
7
Suppose -f + 102 = -4*v, -3*v = -6*v - 15. What is the greatest common factor of 287 and f?
41
Let o be (-14900)/(-750) - 2/(-15). Let v(k) = k**2 + 2*k - 3. Let b be v(-3). Suppose b = -z + 22 + 8. What is the greatest common divisor of z and o?
10
Let q(x) = -4*x**3 + 5*x**2 + 8*x + 1. Let u be q(-4). Let m be 0 + (-14)/(-10) - 122/u. Calculate the greatest common factor of m and 3.
1
Let m = 6 - 0. Suppose 4*h + 4 = -b, -2*b + 3 = h - 3. Let a be h + 3 + 0 + 14. Calculate the greatest common factor of a and m.
3
Suppose 3*y - y = 6, -4*y - 618 = -5*v. Suppose 25*l + 53*l + 406 = 107*l. What is the highest common factor of v and l?
14
Suppose 5*x + 0 = 15, -53 = 2*b + 5*x. Let t = b - -61. What is the greatest common divisor of 27 and t?
27
Suppose 0*l = -5*w - 5*l + 220, -l = -4*w + 181. Calculate the highest common factor of w and 18.
9
Let u(y) = y**3 + 5*y**2 - 17*y + 4. Let o be u(3). Calculate the highest common divisor of 400 and o.
25
Let k = -223 - -376. Suppose -11 - 23 = -2*p. Calculate the highest common divisor of p and k.
17
Suppose 0 = n + 2*n - 12. Let k be (7 - -1) + -4*1. Let t = 8 - k. Calculate the greatest common factor of n and t.
4
Suppose -15*c + 12*c - 260 = -2*x, 3*x = -2*c + 390. Calculate the highest common divisor of 10 and x.
10
Let o = 4 - 5. Let z be o + 0 + (-15)/(-5). Calculate the highest common factor of 16 and z.
2
Suppose 6*t - 10*t = -36. Let d be 1213/t + 20/90. Calculate the highest common divisor of 15 and d.
15
Let r(q) = 2*q**2 + 4*q**2 - 11*q + 14 - 5*q**2. Let i be r(10). Suppose -x + 160 = 3*x + 4*o, -i*o - 30 = -x. What is the highest common divisor of x and 95?
19
Suppose -5*d = 2*q - 13, 5*d + 4*q - 16 = 5*q. Suppose -t = 4*p - 18, 2*t - 41 - 20 = -d*p. What is the greatest common divisor of t and 266?
38
Let v = 26 - 30. Let q be (-405)/(-18) - (-2)/v. Calculate the greatest common factor of q and 33.
11
Let r = -371 - -230. Let y = 366 + r. What is the greatest common divisor of y and 25?
25
Let t be (12 + -17)*(-236)/5. What is the greatest common divisor of t and 177?
59
Suppose 2*v = -h + 154, h - 2*h - 371 = -5*v. Let f = v - 49. Calculate the highest common divisor of f and 208.
26
Suppose 7*k = 2*k + 215. Let u = k + -28. What is the greatest common divisor of u and 75?
15
Suppose 0 = 5*d + 2*o - 182, o - 93 = -4*d + 52. Let f(y) = -3*y + 44. Let j be f(12). What is the highest common divisor of d and j?
4
Let n be 2 - (-1 - 9 - 2). Suppose 15*u - n*u = 2. Suppose 5*l + 4*b - 15 = u*l, 0 = 2*l + 5*b - 17. Calculate the greatest common divisor of l and 3.
1
Let y = 237 - 205. Calculate the highest common divisor of y and 544.
32
Suppose y = -0 + 2. Let u be (1/y*-2)/(-4 + 3). Suppose d - 3 = -b + 3, -5*d = -5*b - 80. What is the greatest